{"id":624,"date":"2019-05-28T17:34:11","date_gmt":"2019-05-28T15:34:11","guid":{"rendered":"https:\/\/extern23.gruene.ch\/annemodele\/?page_id=624"},"modified":"2022-05-06T10:23:47","modified_gmt":"2022-05-06T08:23:47","slug":"offre","status":"publish","type":"page","link":"https:\/\/extern23.gruene.ch\/annemodele\/offre","title":{"rendered":"Site Web pour candidat-e-s et \u00e9lu-e-s vert-e-s"},"content":{"rendered":"","protected":false},"excerpt":{"rendered":"","protected":false},"author":14,"featured_media":0,"parent":0,"menu_order":0,"comment_status":"closed","ping_status":"closed","template":"single_landingpage.php","meta":{"_acf_changed":false,"inline_featured_image":false,"footnotes":""},"class_list":["post-624","page","type-page","status-publish","hentry"],"acf":[],"yoast_head":"<!-- This site is optimized with the Yoast SEO plugin v26.9 - https:\/\/yoast.com\/product\/yoast-seo-wordpress\/ -->\n<title>Site Web pour candidat-e-s et \u00e9lu-e-s vert-e-s - Anne Mod\u00e8le<\/title>\n<meta name=\"description\" content=\"En tant que politicien, tu es une personne publique et tes \u00e9lecteurs et \u00e9lectrices veulent savoir ce que tu d\u00e9fends et ce que tu fais. Un site web est la plateforme id\u00e9ale pour communiquer cela. Nous sommes heureux de t&#039;offrir la premi\u00e8re pierre, le site web, pour que tu n&#039;aies \u00e0 t&#039;occuper que du contenu.\" \/>\n<meta name=\"robots\" content=\"index, follow, max-snippet:-1, max-image-preview:large, max-video-preview:-1\" \/>\n<link rel=\"canonical\" href=\"https:\/\/extern23.gruene.ch\/annemodele\/offre\" \/>\n<meta property=\"og:locale\" content=\"fr_FR\" \/>\n<meta property=\"og:type\" content=\"article\" \/>\n<meta property=\"og:title\" content=\"Site Web pour candidat-e-s et \u00e9lu-e-s vert-e-s - Anne Mod\u00e8le\" \/>\n<meta property=\"og:description\" content=\"En tant que politicien, tu es une personne publique et tes \u00e9lecteurs et \u00e9lectrices veulent savoir ce que tu d\u00e9fends et ce que tu fais. \u2026\" \/>\n<meta property=\"og:url\" content=\"https:\/\/extern23.gruene.ch\/annemodele\/offre\" \/>\n<meta property=\"og:site_name\" content=\"Anne Mod\u00e8le\" \/>\n<meta property=\"article:modified_time\" content=\"2022-05-06T08:23:47+00:00\" \/>\n<meta name=\"twitter:card\" content=\"summary_large_image\" \/>\n<script type=\"application\/ld+json\" class=\"yoast-schema-graph\">{\"@context\":\"https:\/\/schema.org\",\"@graph\":[{\"@type\":\"WebPage\",\"@id\":\"https:\/\/extern23.gruene.ch\/annemodele\/offre\",\"url\":\"https:\/\/extern23.gruene.ch\/annemodele\/offre\",\"name\":\"Site Web pour candidat-e-s et \u00e9lu-e-s vert-e-s - Anne Mod\u00e8le\",\"isPartOf\":{\"@id\":\"https:\/\/extern23.gruene.ch\/annemodele\/#website\"},\"datePublished\":\"2019-05-28T15:34:11+00:00\",\"dateModified\":\"2022-05-06T08:23:47+00:00\",\"description\":\"En tant que politicien, tu es une personne publique et tes \u00e9lecteurs et \u00e9lectrices veulent savoir ce que tu d\u00e9fends et ce que tu fais. Un site web est la plateforme id\u00e9ale pour communiquer cela. Nous sommes heureux de t'offrir la premi\u00e8re pierre, le site web, pour que tu n'aies \u00e0 t'occuper que du contenu.\",\"breadcrumb\":{\"@id\":\"https:\/\/extern23.gruene.ch\/annemodele\/offre#breadcrumb\"},\"inLanguage\":\"fr-FR\",\"potentialAction\":[{\"@type\":\"ReadAction\",\"target\":[\"https:\/\/extern23.gruene.ch\/annemodele\/offre\"]}]},{\"@type\":\"BreadcrumbList\",\"@id\":\"https:\/\/extern23.gruene.ch\/annemodele\/offre#breadcrumb\",\"itemListElement\":[{\"@type\":\"ListItem\",\"position\":1,\"name\":\"Page d'accueil\",\"item\":\"https:\/\/extern23.gruene.ch\/annemodele\/\"},{\"@type\":\"ListItem\",\"position\":2,\"name\":\"Site Web pour candidat-e-s et \u00e9lu-e-s vert-e-s\"}]},{\"@type\":\"WebSite\",\"@id\":\"https:\/\/extern23.gruene.ch\/annemodele\/#website\",\"url\":\"https:\/\/extern23.gruene.ch\/annemodele\/\",\"name\":\"Anne Mod\u00e8le\",\"description\":\"Anne Mod\u00e8le au Conseil national\",\"potentialAction\":[{\"@type\":\"SearchAction\",\"target\":{\"@type\":\"EntryPoint\",\"urlTemplate\":\"https:\/\/extern23.gruene.ch\/annemodele\/?s={search_term_string}\"},\"query-input\":{\"@type\":\"PropertyValueSpecification\",\"valueRequired\":true,\"valueName\":\"search_term_string\"}}],\"inLanguage\":\"fr-FR\"}]}<\/script>\n<!-- \/ Yoast SEO plugin. -->","yoast_head_json":{"title":"Site Web pour candidat-e-s et \u00e9lu-e-s vert-e-s - Anne Mod\u00e8le","description":"En tant que politicien, tu es une personne publique et tes \u00e9lecteurs et \u00e9lectrices veulent savoir ce que tu d\u00e9fends et ce que tu fais. Un site web est la plateforme id\u00e9ale pour communiquer cela. Nous sommes heureux de t'offrir la premi\u00e8re pierre, le site web, pour que tu n'aies \u00e0 t'occuper que du contenu.","robots":{"index":"index","follow":"follow","max-snippet":"max-snippet:-1","max-image-preview":"max-image-preview:large","max-video-preview":"max-video-preview:-1"},"canonical":"https:\/\/extern23.gruene.ch\/annemodele\/offre","og_locale":"fr_FR","og_type":"article","og_title":"Site Web pour candidat-e-s et \u00e9lu-e-s vert-e-s - Anne Mod\u00e8le","og_description":"En tant que politicien, tu es une personne publique et tes \u00e9lecteurs et \u00e9lectrices veulent savoir ce que tu d\u00e9fends et ce que tu fais. \u2026","og_url":"https:\/\/extern23.gruene.ch\/annemodele\/offre","og_site_name":"Anne Mod\u00e8le","article_modified_time":"2022-05-06T08:23:47+00:00","twitter_card":"summary_large_image","schema":{"@context":"https:\/\/schema.org","@graph":[{"@type":"WebPage","@id":"https:\/\/extern23.gruene.ch\/annemodele\/offre","url":"https:\/\/extern23.gruene.ch\/annemodele\/offre","name":"Site Web pour candidat-e-s et \u00e9lu-e-s vert-e-s - Anne Mod\u00e8le","isPartOf":{"@id":"https:\/\/extern23.gruene.ch\/annemodele\/#website"},"datePublished":"2019-05-28T15:34:11+00:00","dateModified":"2022-05-06T08:23:47+00:00","description":"En tant que politicien, tu es une personne publique et tes \u00e9lecteurs et \u00e9lectrices veulent savoir ce que tu d\u00e9fends et ce que tu fais. Un site web est la plateforme id\u00e9ale pour communiquer cela. Nous sommes heureux de t'offrir la premi\u00e8re pierre, le site web, pour que tu n'aies \u00e0 t'occuper que du contenu.","breadcrumb":{"@id":"https:\/\/extern23.gruene.ch\/annemodele\/offre#breadcrumb"},"inLanguage":"fr-FR","potentialAction":[{"@type":"ReadAction","target":["https:\/\/extern23.gruene.ch\/annemodele\/offre"]}]},{"@type":"BreadcrumbList","@id":"https:\/\/extern23.gruene.ch\/annemodele\/offre#breadcrumb","itemListElement":[{"@type":"ListItem","position":1,"name":"Page d'accueil","item":"https:\/\/extern23.gruene.ch\/annemodele\/"},{"@type":"ListItem","position":2,"name":"Site Web pour candidat-e-s et \u00e9lu-e-s vert-e-s"}]},{"@type":"WebSite","@id":"https:\/\/extern23.gruene.ch\/annemodele\/#website","url":"https:\/\/extern23.gruene.ch\/annemodele\/","name":"Anne Mod\u00e8le","description":"Anne Mod\u00e8le au Conseil national","potentialAction":[{"@type":"SearchAction","target":{"@type":"EntryPoint","urlTemplate":"https:\/\/extern23.gruene.ch\/annemodele\/?s={search_term_string}"},"query-input":{"@type":"PropertyValueSpecification","valueRequired":true,"valueName":"search_term_string"}}],"inLanguage":"fr-FR"}]}},"_links":{"self":[{"href":"https:\/\/extern23.gruene.ch\/annemodele\/wp-json\/wp\/v2\/pages\/624","targetHints":{"allow":["GET"]}}],"collection":[{"href":"https:\/\/extern23.gruene.ch\/annemodele\/wp-json\/wp\/v2\/pages"}],"about":[{"href":"https:\/\/extern23.gruene.ch\/annemodele\/wp-json\/wp\/v2\/types\/page"}],"author":[{"embeddable":true,"href":"https:\/\/extern23.gruene.ch\/annemodele\/wp-json\/wp\/v2\/users\/14"}],"replies":[{"embeddable":true,"href":"https:\/\/extern23.gruene.ch\/annemodele\/wp-json\/wp\/v2\/comments?post=624"}],"version-history":[{"count":26,"href":"https:\/\/extern23.gruene.ch\/annemodele\/wp-json\/wp\/v2\/pages\/624\/revisions"}],"predecessor-version":[{"id":691,"href":"https:\/\/extern23.gruene.ch\/annemodele\/wp-json\/wp\/v2\/pages\/624\/revisions\/691"}],"wp:attachment":[{"href":"https:\/\/extern23.gruene.ch\/annemodele\/wp-json\/wp\/v2\/media?parent=624"}],"curies":[{"name":"wp","href":"https:\/\/api.w.org\/{rel}","templated":true}]}}

Site Web pour candidat-e-s et élu-e-s vert-e-s

<!-- This site is optimized with the Yoast SEO plugin v26.9 - https://yoast.com/product/yoast-seo-wordpress/ -->
<title>Site Web pour candidat-e-s et élu-e-s vert-e-s - Anne Modèle</title>
<meta name="description" content="En tant que politicien, tu es une personne publique et tes électeurs et électrices veulent savoir ce que tu défends et ce que tu fais. Un site web est la plateforme idéale pour communiquer cela. Nous sommes heureux de t&#039;offrir la première pierre, le site web, pour que tu n&#039;aies à t&#039;occuper que du contenu." />
<meta name="robots" content="index, follow, max-snippet:-1, max-image-preview:large, max-video-preview:-1" />
<link rel="canonical" href="https://extern23.gruene.ch/annemodele/offre" />
<meta property="og:locale" content="fr_FR" />
<meta property="og:type" content="article" />
<meta property="og:title" content="Site Web pour candidat-e-s et élu-e-s vert-e-s - Anne Modèle" />
<meta property="og:description" content="En tant que politicien, tu es une personne publique et tes électeurs et électrices veulent savoir ce que tu défends et ce que tu fais. …" />
<meta property="og:url" content="https://extern23.gruene.ch/annemodele/offre" />
<meta property="og:site_name" content="Anne Modèle" />
<meta property="article:modified_time" content="2022-05-06T08:23:47+00:00" />
<meta name="twitter:card" content="summary_large_image" />
<script type="application/ld+json" class="yoast-schema-graph">{"@context":"https://schema.org","@graph":[{"@type":"WebPage","@id":"https://extern23.gruene.ch/annemodele/offre","url":"https://extern23.gruene.ch/annemodele/offre","name":"Site Web pour candidat-e-s et élu-e-s vert-e-s - Anne Modèle","isPartOf":{"@id":"https://extern23.gruene.ch/annemodele/#website"},"datePublished":"2019-05-28T15:34:11+00:00","dateModified":"2022-05-06T08:23:47+00:00","description":"En tant que politicien, tu es une personne publique et tes électeurs et électrices veulent savoir ce que tu défends et ce que tu fais. Un site web est la plateforme idéale pour communiquer cela. Nous sommes heureux de t'offrir la première pierre, le site web, pour que tu n'aies à t'occuper que du contenu.","breadcrumb":{"@id":"https://extern23.gruene.ch/annemodele/offre#breadcrumb"},"inLanguage":"fr-FR","potentialAction":[{"@type":"ReadAction","target":["https://extern23.gruene.ch/annemodele/offre"]}]},{"@type":"BreadcrumbList","@id":"https://extern23.gruene.ch/annemodele/offre#breadcrumb","itemListElement":[{"@type":"ListItem","position":1,"name":"Page d'accueil","item":"https://extern23.gruene.ch/annemodele/"},{"@type":"ListItem","position":2,"name":"Site Web pour candidat-e-s et élu-e-s vert-e-s"}]},{"@type":"WebSite","@id":"https://extern23.gruene.ch/annemodele/#website","url":"https://extern23.gruene.ch/annemodele/","name":"Anne Modèle","description":"Anne Modèle au Conseil national","potentialAction":[{"@type":"SearchAction","target":{"@type":"EntryPoint","urlTemplate":"https://extern23.gruene.ch/annemodele/?s={search_term_string}"},"query-input":{"@type":"PropertyValueSpecification","valueRequired":true,"valueName":"search_term_string"}}],"inLanguage":"fr-FR"}]}</script>
<!-- / Yoast SEO plugin. -->

Site Web pour candidat-e-s et élu-e-s vert-e-s - Anne Modèle

En tant que politicien, tu es une personne publique et tes électeurs et électrices veulent savoir ce que tu défends et ce que tu fais. Un site web est la plateforme idéale pour communiquer cela. Nous sommes heureux de t'offrir la première pierre, le site web, pour que tu n'aies à t'occuper que du contenu.

En tant que politicien, tu es une personne publique et tes électeurs et électrices veulent savoir ce que tu défends et ce que tu fais. …

Anne Modèle

Anne Modèle au Conseil national
