{"id":575,"date":"2019-05-27T12:36:00","date_gmt":"2019-05-27T10:36:00","guid":{"rendered":"https:\/\/extern23.gruene.ch\/annemodele\/?page_id=575"},"modified":"2023-03-10T08:58:57","modified_gmt":"2023-03-10T07:58:57","slug":"comite","status":"publish","type":"page","link":"https:\/\/extern23.gruene.ch\/annemodele\/comite","title":{"rendered":"Comit\u00e9 de soutien"},"content":{"rendered":"","protected":false},"excerpt":{"rendered":"","protected":false},"author":14,"featured_media":572,"parent":0,"menu_order":0,"comment_status":"closed","ping_status":"closed","template":"","meta":{"_acf_changed":false,"inline_featured_image":false,"footnotes":""},"class_list":["post-575","page","type-page","status-publish","has-post-thumbnail","hentry"],"acf":[],"yoast_head":"<!-- This site is optimized with the Yoast SEO plugin v26.9 - https:\/\/yoast.com\/product\/yoast-seo-wordpress\/ -->\n<title>Comit\u00e9 de soutien - Anne Mod\u00e8le<\/title>\n<meta name=\"description\" content=\"Anne Mod\u00e8le a la volont\u00e9 et la capacit\u00e9 de faire \u00e9voluer la politique vers la protection du climat et la justice sociale. C&#039;est pourquoi nous soutenons Anne Mod\u00e8le.\" \/>\n<meta name=\"robots\" content=\"index, follow, max-snippet:-1, max-image-preview:large, max-video-preview:-1\" \/>\n<link rel=\"canonical\" href=\"https:\/\/extern23.gruene.ch\/annemodele\/comite\" \/>\n<meta property=\"og:locale\" content=\"fr_FR\" \/>\n<meta property=\"og:type\" content=\"article\" \/>\n<meta property=\"og:title\" content=\"Comit\u00e9 de soutien - Anne Mod\u00e8le\" \/>\n<meta property=\"og:description\" content=\"Anne Mod\u00e8le a la volont\u00e9 et la capacit\u00e9 de faire \u00e9voluer la politique vers la protection du climat et la justice sociale. C&#039;est \u2026\" \/>\n<meta property=\"og:url\" content=\"https:\/\/extern23.gruene.ch\/annemodele\/comite\" \/>\n<meta property=\"og:site_name\" content=\"Anne Mod\u00e8le\" \/>\n<meta property=\"article:modified_time\" content=\"2023-03-10T07:58:57+00:00\" \/>\n<meta property=\"og:image\" content=\"https:\/\/extern23.gruene.ch\/annemodele\/wp-content\/uploads\/sites\/8\/2019\/05\/2016-03-28-16.09.08-1200x630-c-center.jpg\" \/>\n\t<meta property=\"og:image:width\" content=\"1200\" \/>\n\t<meta property=\"og:image:height\" content=\"630\" \/>\n\t<meta property=\"og:image:type\" content=\"image\/jpeg\" \/>\n<meta name=\"twitter:card\" content=\"summary_large_image\" \/>\n<script type=\"application\/ld+json\" class=\"yoast-schema-graph\">{\"@context\":\"https:\/\/schema.org\",\"@graph\":[{\"@type\":\"WebPage\",\"@id\":\"https:\/\/extern23.gruene.ch\/annemodele\/comite\",\"url\":\"https:\/\/extern23.gruene.ch\/annemodele\/comite\",\"name\":\"Comit\u00e9 de soutien - Anne Mod\u00e8le\",\"isPartOf\":{\"@id\":\"https:\/\/extern23.gruene.ch\/annemodele\/#website\"},\"primaryImageOfPage\":{\"@id\":\"https:\/\/extern23.gruene.ch\/annemodele\/comite#primaryimage\"},\"image\":{\"@id\":\"https:\/\/extern23.gruene.ch\/annemodele\/comite#primaryimage\"},\"thumbnailUrl\":\"https:\/\/extern23.gruene.ch\/annemodele\/wp-content\/uploads\/sites\/8\/2019\/05\/2016-03-28-16.09.08-scaled.jpg\",\"datePublished\":\"2019-05-27T10:36:00+00:00\",\"dateModified\":\"2023-03-10T07:58:57+00:00\",\"description\":\"Anne Mod\u00e8le a la volont\u00e9 et la capacit\u00e9 de faire \u00e9voluer la politique vers la protection du climat et la justice sociale. C'est pourquoi nous soutenons Anne Mod\u00e8le.\",\"breadcrumb\":{\"@id\":\"https:\/\/extern23.gruene.ch\/annemodele\/comite#breadcrumb\"},\"inLanguage\":\"fr-FR\",\"potentialAction\":[{\"@type\":\"ReadAction\",\"target\":[\"https:\/\/extern23.gruene.ch\/annemodele\/comite\"]}]},{\"@type\":\"ImageObject\",\"inLanguage\":\"fr-FR\",\"@id\":\"https:\/\/extern23.gruene.ch\/annemodele\/comite#primaryimage\",\"url\":\"https:\/\/extern23.gruene.ch\/annemodele\/wp-content\/uploads\/sites\/8\/2019\/05\/2016-03-28-16.09.08-scaled.jpg\",\"contentUrl\":\"https:\/\/extern23.gruene.ch\/annemodele\/wp-content\/uploads\/sites\/8\/2019\/05\/2016-03-28-16.09.08-scaled.jpg\",\"width\":2560,\"height\":1707,\"caption\":\"Comite d'Anne Mod\u00e8le\"},{\"@type\":\"BreadcrumbList\",\"@id\":\"https:\/\/extern23.gruene.ch\/annemodele\/comite#breadcrumb\",\"itemListElement\":[{\"@type\":\"ListItem\",\"position\":1,\"name\":\"Page d'accueil\",\"item\":\"https:\/\/extern23.gruene.ch\/annemodele\/\"},{\"@type\":\"ListItem\",\"position\":2,\"name\":\"Comit\u00e9 de soutien\"}]},{\"@type\":\"WebSite\",\"@id\":\"https:\/\/extern23.gruene.ch\/annemodele\/#website\",\"url\":\"https:\/\/extern23.gruene.ch\/annemodele\/\",\"name\":\"Anne Mod\u00e8le\",\"description\":\"Anne Mod\u00e8le au Conseil national\",\"potentialAction\":[{\"@type\":\"SearchAction\",\"target\":{\"@type\":\"EntryPoint\",\"urlTemplate\":\"https:\/\/extern23.gruene.ch\/annemodele\/?s={search_term_string}\"},\"query-input\":{\"@type\":\"PropertyValueSpecification\",\"valueRequired\":true,\"valueName\":\"search_term_string\"}}],\"inLanguage\":\"fr-FR\"}]}<\/script>\n<!-- \/ Yoast SEO plugin. -->","yoast_head_json":{"title":"Comit\u00e9 de soutien - Anne Mod\u00e8le","description":"Anne Mod\u00e8le a la volont\u00e9 et la capacit\u00e9 de faire \u00e9voluer la politique vers la protection du climat et la justice sociale. C'est pourquoi nous soutenons Anne Mod\u00e8le.","robots":{"index":"index","follow":"follow","max-snippet":"max-snippet:-1","max-image-preview":"max-image-preview:large","max-video-preview":"max-video-preview:-1"},"canonical":"https:\/\/extern23.gruene.ch\/annemodele\/comite","og_locale":"fr_FR","og_type":"article","og_title":"Comit\u00e9 de soutien - Anne Mod\u00e8le","og_description":"Anne Mod\u00e8le a la volont\u00e9 et la capacit\u00e9 de faire \u00e9voluer la politique vers la protection du climat et la justice sociale. C'est \u2026","og_url":"https:\/\/extern23.gruene.ch\/annemodele\/comite","og_site_name":"Anne Mod\u00e8le","article_modified_time":"2023-03-10T07:58:57+00:00","og_image":[{"width":1200,"height":630,"url":"https:\/\/extern23.gruene.ch\/annemodele\/wp-content\/uploads\/sites\/8\/2019\/05\/2016-03-28-16.09.08-1200x630-c-center.jpg","type":"image\/jpeg"}],"twitter_card":"summary_large_image","schema":{"@context":"https:\/\/schema.org","@graph":[{"@type":"WebPage","@id":"https:\/\/extern23.gruene.ch\/annemodele\/comite","url":"https:\/\/extern23.gruene.ch\/annemodele\/comite","name":"Comit\u00e9 de soutien - Anne Mod\u00e8le","isPartOf":{"@id":"https:\/\/extern23.gruene.ch\/annemodele\/#website"},"primaryImageOfPage":{"@id":"https:\/\/extern23.gruene.ch\/annemodele\/comite#primaryimage"},"image":{"@id":"https:\/\/extern23.gruene.ch\/annemodele\/comite#primaryimage"},"thumbnailUrl":"https:\/\/extern23.gruene.ch\/annemodele\/wp-content\/uploads\/sites\/8\/2019\/05\/2016-03-28-16.09.08-scaled.jpg","datePublished":"2019-05-27T10:36:00+00:00","dateModified":"2023-03-10T07:58:57+00:00","description":"Anne Mod\u00e8le a la volont\u00e9 et la capacit\u00e9 de faire \u00e9voluer la politique vers la protection du climat et la justice sociale. C'est pourquoi nous soutenons Anne Mod\u00e8le.","breadcrumb":{"@id":"https:\/\/extern23.gruene.ch\/annemodele\/comite#breadcrumb"},"inLanguage":"fr-FR","potentialAction":[{"@type":"ReadAction","target":["https:\/\/extern23.gruene.ch\/annemodele\/comite"]}]},{"@type":"ImageObject","inLanguage":"fr-FR","@id":"https:\/\/extern23.gruene.ch\/annemodele\/comite#primaryimage","url":"https:\/\/extern23.gruene.ch\/annemodele\/wp-content\/uploads\/sites\/8\/2019\/05\/2016-03-28-16.09.08-scaled.jpg","contentUrl":"https:\/\/extern23.gruene.ch\/annemodele\/wp-content\/uploads\/sites\/8\/2019\/05\/2016-03-28-16.09.08-scaled.jpg","width":2560,"height":1707,"caption":"Comite d'Anne Mod\u00e8le"},{"@type":"BreadcrumbList","@id":"https:\/\/extern23.gruene.ch\/annemodele\/comite#breadcrumb","itemListElement":[{"@type":"ListItem","position":1,"name":"Page d'accueil","item":"https:\/\/extern23.gruene.ch\/annemodele\/"},{"@type":"ListItem","position":2,"name":"Comit\u00e9 de soutien"}]},{"@type":"WebSite","@id":"https:\/\/extern23.gruene.ch\/annemodele\/#website","url":"https:\/\/extern23.gruene.ch\/annemodele\/","name":"Anne Mod\u00e8le","description":"Anne Mod\u00e8le au Conseil national","potentialAction":[{"@type":"SearchAction","target":{"@type":"EntryPoint","urlTemplate":"https:\/\/extern23.gruene.ch\/annemodele\/?s={search_term_string}"},"query-input":{"@type":"PropertyValueSpecification","valueRequired":true,"valueName":"search_term_string"}}],"inLanguage":"fr-FR"}]}},"_links":{"self":[{"href":"https:\/\/extern23.gruene.ch\/annemodele\/wp-json\/wp\/v2\/pages\/575","targetHints":{"allow":["GET"]}}],"collection":[{"href":"https:\/\/extern23.gruene.ch\/annemodele\/wp-json\/wp\/v2\/pages"}],"about":[{"href":"https:\/\/extern23.gruene.ch\/annemodele\/wp-json\/wp\/v2\/types\/page"}],"author":[{"embeddable":true,"href":"https:\/\/extern23.gruene.ch\/annemodele\/wp-json\/wp\/v2\/users\/14"}],"replies":[{"embeddable":true,"href":"https:\/\/extern23.gruene.ch\/annemodele\/wp-json\/wp\/v2\/comments?post=575"}],"version-history":[{"count":17,"href":"https:\/\/extern23.gruene.ch\/annemodele\/wp-json\/wp\/v2\/pages\/575\/revisions"}],"predecessor-version":[{"id":776,"href":"https:\/\/extern23.gruene.ch\/annemodele\/wp-json\/wp\/v2\/pages\/575\/revisions\/776"}],"wp:featuredmedia":[{"embeddable":true,"href":"https:\/\/extern23.gruene.ch\/annemodele\/wp-json\/wp\/v2\/media\/572"}],"wp:attachment":[{"href":"https:\/\/extern23.gruene.ch\/annemodele\/wp-json\/wp\/v2\/media?parent=575"}],"curies":[{"name":"wp","href":"https:\/\/api.w.org\/{rel}","templated":true}]}}

Comité de soutien

<!-- This site is optimized with the Yoast SEO plugin v26.9 - https://yoast.com/product/yoast-seo-wordpress/ -->
<title>Comité de soutien - Anne Modèle</title>
<meta name="description" content="Anne Modèle a la volonté et la capacité de faire évoluer la politique vers la protection du climat et la justice sociale. C&#039;est pourquoi nous soutenons Anne Modèle." />
<meta name="robots" content="index, follow, max-snippet:-1, max-image-preview:large, max-video-preview:-1" />
<link rel="canonical" href="https://extern23.gruene.ch/annemodele/comite" />
<meta property="og:locale" content="fr_FR" />
<meta property="og:type" content="article" />
<meta property="og:title" content="Comité de soutien - Anne Modèle" />
<meta property="og:description" content="Anne Modèle a la volonté et la capacité de faire évoluer la politique vers la protection du climat et la justice sociale. C&#039;est …" />
<meta property="og:url" content="https://extern23.gruene.ch/annemodele/comite" />
<meta property="og:site_name" content="Anne Modèle" />
<meta property="article:modified_time" content="2023-03-10T07:58:57+00:00" />
<meta property="og:image" content="https://extern23.gruene.ch/annemodele/wp-content/uploads/sites/8/2019/05/2016-03-28-16.09.08-1200x630-c-center.jpg" />
	<meta property="og:image:width" content="1200" />
	<meta property="og:image:height" content="630" />
	<meta property="og:image:type" content="image/jpeg" />
<meta name="twitter:card" content="summary_large_image" />
<script type="application/ld+json" class="yoast-schema-graph">{"@context":"https://schema.org","@graph":[{"@type":"WebPage","@id":"https://extern23.gruene.ch/annemodele/comite","url":"https://extern23.gruene.ch/annemodele/comite","name":"Comité de soutien - Anne Modèle","isPartOf":{"@id":"https://extern23.gruene.ch/annemodele/#website"},"primaryImageOfPage":{"@id":"https://extern23.gruene.ch/annemodele/comite#primaryimage"},"image":{"@id":"https://extern23.gruene.ch/annemodele/comite#primaryimage"},"thumbnailUrl":"https://extern23.gruene.ch/annemodele/wp-content/uploads/sites/8/2019/05/2016-03-28-16.09.08-scaled.jpg","datePublished":"2019-05-27T10:36:00+00:00","dateModified":"2023-03-10T07:58:57+00:00","description":"Anne Modèle a la volonté et la capacité de faire évoluer la politique vers la protection du climat et la justice sociale. C'est pourquoi nous soutenons Anne Modèle.","breadcrumb":{"@id":"https://extern23.gruene.ch/annemodele/comite#breadcrumb"},"inLanguage":"fr-FR","potentialAction":[{"@type":"ReadAction","target":["https://extern23.gruene.ch/annemodele/comite"]}]},{"@type":"ImageObject","inLanguage":"fr-FR","@id":"https://extern23.gruene.ch/annemodele/comite#primaryimage","url":"https://extern23.gruene.ch/annemodele/wp-content/uploads/sites/8/2019/05/2016-03-28-16.09.08-scaled.jpg","contentUrl":"https://extern23.gruene.ch/annemodele/wp-content/uploads/sites/8/2019/05/2016-03-28-16.09.08-scaled.jpg","width":2560,"height":1707,"caption":"Comite d'Anne Modèle"},{"@type":"BreadcrumbList","@id":"https://extern23.gruene.ch/annemodele/comite#breadcrumb","itemListElement":[{"@type":"ListItem","position":1,"name":"Page d'accueil","item":"https://extern23.gruene.ch/annemodele/"},{"@type":"ListItem","position":2,"name":"Comité de soutien"}]},{"@type":"WebSite","@id":"https://extern23.gruene.ch/annemodele/#website","url":"https://extern23.gruene.ch/annemodele/","name":"Anne Modèle","description":"Anne Modèle au Conseil national","potentialAction":[{"@type":"SearchAction","target":{"@type":"EntryPoint","urlTemplate":"https://extern23.gruene.ch/annemodele/?s={search_term_string}"},"query-input":{"@type":"PropertyValueSpecification","valueRequired":true,"valueName":"search_term_string"}}],"inLanguage":"fr-FR"}]}</script>
<!-- / Yoast SEO plugin. -->

Comité de soutien - Anne Modèle

Anne Modèle a la volonté et la capacité de faire évoluer la politique vers la protection du climat et la justice sociale. C'est pourquoi nous soutenons Anne Modèle.

Anne Modèle a la volonté et la capacité de faire évoluer la politique vers la protection du climat et la justice sociale. C'est …

Anne Modèle

Comite d'Anne Modèle

Anne Modèle au Conseil national
