{"id":567,"date":"2019-05-27T12:25:03","date_gmt":"2019-05-27T10:25:03","guid":{"rendered":"https:\/\/extern23.gruene.ch\/annemodele\/?page_id=567"},"modified":"2023-03-10T08:34:15","modified_gmt":"2023-03-10T07:34:15","slug":"a-mon-propos","status":"publish","type":"page","link":"https:\/\/extern23.gruene.ch\/annemodele\/a-mon-propos","title":{"rendered":"A mon propos"},"content":{"rendered":"","protected":false},"excerpt":{"rendered":"","protected":false},"author":14,"featured_media":764,"parent":0,"menu_order":0,"comment_status":"closed","ping_status":"closed","template":"","meta":{"_acf_changed":false,"inline_featured_image":false,"footnotes":""},"class_list":["post-567","page","type-page","status-publish","has-post-thumbnail","hentry"],"acf":[],"yoast_head":"<!-- This site is optimized with the Yoast SEO plugin v26.9 - https:\/\/yoast.com\/product\/yoast-seo-wordpress\/ -->\n<title>A mon propos - Anne Mod\u00e8le<\/title>\n<meta name=\"description\" content=\"Je pense \u00e0 long terme et agis rapidement. La justice sociale et la protection du climat sont mes th\u00e8mes de pr\u00e9dilection.\" \/>\n<meta name=\"robots\" content=\"index, follow, max-snippet:-1, max-image-preview:large, max-video-preview:-1\" \/>\n<link rel=\"canonical\" href=\"https:\/\/extern23.gruene.ch\/annemodele\/a-mon-propos\" \/>\n<meta property=\"og:locale\" content=\"fr_FR\" \/>\n<meta property=\"og:type\" content=\"article\" \/>\n<meta property=\"og:title\" content=\"A mon propos - Anne Mod\u00e8le\" \/>\n<meta property=\"og:description\" content=\"Je pense \u00e0 long terme et agis rapidement. La justice sociale et la protection du climat sont mes th\u00e8mes de pr\u00e9dilection.\" \/>\n<meta property=\"og:url\" content=\"https:\/\/extern23.gruene.ch\/annemodele\/a-mon-propos\" \/>\n<meta property=\"og:site_name\" content=\"Anne Mod\u00e8le\" \/>\n<meta property=\"article:modified_time\" content=\"2023-03-10T07:34:15+00:00\" \/>\n<meta property=\"og:image\" content=\"https:\/\/extern23.gruene.ch\/annemodele\/wp-content\/uploads\/sites\/8\/2023\/02\/3fdc6b56-25ea-4e57-9761-4262dfa15dc6-1200x630-c-center.jpg\" \/>\n\t<meta property=\"og:image:width\" content=\"1200\" \/>\n\t<meta property=\"og:image:height\" content=\"630\" \/>\n\t<meta property=\"og:image:type\" content=\"image\/jpeg\" \/>\n<meta name=\"twitter:card\" content=\"summary_large_image\" \/>\n<script type=\"application\/ld+json\" class=\"yoast-schema-graph\">{\"@context\":\"https:\/\/schema.org\",\"@graph\":[{\"@type\":\"WebPage\",\"@id\":\"https:\/\/extern23.gruene.ch\/annemodele\/a-mon-propos\",\"url\":\"https:\/\/extern23.gruene.ch\/annemodele\/a-mon-propos\",\"name\":\"A mon propos - Anne Mod\u00e8le\",\"isPartOf\":{\"@id\":\"https:\/\/extern23.gruene.ch\/annemodele\/#website\"},\"primaryImageOfPage\":{\"@id\":\"https:\/\/extern23.gruene.ch\/annemodele\/a-mon-propos#primaryimage\"},\"image\":{\"@id\":\"https:\/\/extern23.gruene.ch\/annemodele\/a-mon-propos#primaryimage\"},\"thumbnailUrl\":\"https:\/\/extern23.gruene.ch\/annemodele\/wp-content\/uploads\/sites\/8\/2023\/02\/3fdc6b56-25ea-4e57-9761-4262dfa15dc6-2560x0-c-default.jpg\",\"datePublished\":\"2019-05-27T10:25:03+00:00\",\"dateModified\":\"2023-03-10T07:34:15+00:00\",\"description\":\"Je pense \u00e0 long terme et agis rapidement. La justice sociale et la protection du climat sont mes th\u00e8mes de pr\u00e9dilection.\",\"breadcrumb\":{\"@id\":\"https:\/\/extern23.gruene.ch\/annemodele\/a-mon-propos#breadcrumb\"},\"inLanguage\":\"fr-FR\",\"potentialAction\":[{\"@type\":\"ReadAction\",\"target\":[\"https:\/\/extern23.gruene.ch\/annemodele\/a-mon-propos\"]}]},{\"@type\":\"ImageObject\",\"inLanguage\":\"fr-FR\",\"@id\":\"https:\/\/extern23.gruene.ch\/annemodele\/a-mon-propos#primaryimage\",\"url\":\"https:\/\/extern23.gruene.ch\/annemodele\/wp-content\/uploads\/sites\/8\/2023\/02\/3fdc6b56-25ea-4e57-9761-4262dfa15dc6-2560x0-c-default.jpg\",\"contentUrl\":\"https:\/\/extern23.gruene.ch\/annemodele\/wp-content\/uploads\/sites\/8\/2023\/02\/3fdc6b56-25ea-4e57-9761-4262dfa15dc6-2560x0-c-default.jpg\",\"width\":1600,\"height\":1067},{\"@type\":\"BreadcrumbList\",\"@id\":\"https:\/\/extern23.gruene.ch\/annemodele\/a-mon-propos#breadcrumb\",\"itemListElement\":[{\"@type\":\"ListItem\",\"position\":1,\"name\":\"Page d'accueil\",\"item\":\"https:\/\/extern23.gruene.ch\/annemodele\/\"},{\"@type\":\"ListItem\",\"position\":2,\"name\":\"A mon propos\"}]},{\"@type\":\"WebSite\",\"@id\":\"https:\/\/extern23.gruene.ch\/annemodele\/#website\",\"url\":\"https:\/\/extern23.gruene.ch\/annemodele\/\",\"name\":\"Anne Mod\u00e8le\",\"description\":\"Anne Mod\u00e8le au Conseil national\",\"potentialAction\":[{\"@type\":\"SearchAction\",\"target\":{\"@type\":\"EntryPoint\",\"urlTemplate\":\"https:\/\/extern23.gruene.ch\/annemodele\/?s={search_term_string}\"},\"query-input\":{\"@type\":\"PropertyValueSpecification\",\"valueRequired\":true,\"valueName\":\"search_term_string\"}}],\"inLanguage\":\"fr-FR\"}]}<\/script>\n<!-- \/ Yoast SEO plugin. -->","yoast_head_json":{"title":"A mon propos - Anne Mod\u00e8le","description":"Je pense \u00e0 long terme et agis rapidement. La justice sociale et la protection du climat sont mes th\u00e8mes de pr\u00e9dilection.","robots":{"index":"index","follow":"follow","max-snippet":"max-snippet:-1","max-image-preview":"max-image-preview:large","max-video-preview":"max-video-preview:-1"},"canonical":"https:\/\/extern23.gruene.ch\/annemodele\/a-mon-propos","og_locale":"fr_FR","og_type":"article","og_title":"A mon propos - Anne Mod\u00e8le","og_description":"Je pense \u00e0 long terme et agis rapidement. La justice sociale et la protection du climat sont mes th\u00e8mes de pr\u00e9dilection.","og_url":"https:\/\/extern23.gruene.ch\/annemodele\/a-mon-propos","og_site_name":"Anne Mod\u00e8le","article_modified_time":"2023-03-10T07:34:15+00:00","og_image":[{"width":1200,"height":630,"url":"https:\/\/extern23.gruene.ch\/annemodele\/wp-content\/uploads\/sites\/8\/2023\/02\/3fdc6b56-25ea-4e57-9761-4262dfa15dc6-1200x630-c-center.jpg","type":"image\/jpeg"}],"twitter_card":"summary_large_image","schema":{"@context":"https:\/\/schema.org","@graph":[{"@type":"WebPage","@id":"https:\/\/extern23.gruene.ch\/annemodele\/a-mon-propos","url":"https:\/\/extern23.gruene.ch\/annemodele\/a-mon-propos","name":"A mon propos - Anne Mod\u00e8le","isPartOf":{"@id":"https:\/\/extern23.gruene.ch\/annemodele\/#website"},"primaryImageOfPage":{"@id":"https:\/\/extern23.gruene.ch\/annemodele\/a-mon-propos#primaryimage"},"image":{"@id":"https:\/\/extern23.gruene.ch\/annemodele\/a-mon-propos#primaryimage"},"thumbnailUrl":"https:\/\/extern23.gruene.ch\/annemodele\/wp-content\/uploads\/sites\/8\/2023\/02\/3fdc6b56-25ea-4e57-9761-4262dfa15dc6-2560x0-c-default.jpg","datePublished":"2019-05-27T10:25:03+00:00","dateModified":"2023-03-10T07:34:15+00:00","description":"Je pense \u00e0 long terme et agis rapidement. La justice sociale et la protection du climat sont mes th\u00e8mes de pr\u00e9dilection.","breadcrumb":{"@id":"https:\/\/extern23.gruene.ch\/annemodele\/a-mon-propos#breadcrumb"},"inLanguage":"fr-FR","potentialAction":[{"@type":"ReadAction","target":["https:\/\/extern23.gruene.ch\/annemodele\/a-mon-propos"]}]},{"@type":"ImageObject","inLanguage":"fr-FR","@id":"https:\/\/extern23.gruene.ch\/annemodele\/a-mon-propos#primaryimage","url":"https:\/\/extern23.gruene.ch\/annemodele\/wp-content\/uploads\/sites\/8\/2023\/02\/3fdc6b56-25ea-4e57-9761-4262dfa15dc6-2560x0-c-default.jpg","contentUrl":"https:\/\/extern23.gruene.ch\/annemodele\/wp-content\/uploads\/sites\/8\/2023\/02\/3fdc6b56-25ea-4e57-9761-4262dfa15dc6-2560x0-c-default.jpg","width":1600,"height":1067},{"@type":"BreadcrumbList","@id":"https:\/\/extern23.gruene.ch\/annemodele\/a-mon-propos#breadcrumb","itemListElement":[{"@type":"ListItem","position":1,"name":"Page d'accueil","item":"https:\/\/extern23.gruene.ch\/annemodele\/"},{"@type":"ListItem","position":2,"name":"A mon propos"}]},{"@type":"WebSite","@id":"https:\/\/extern23.gruene.ch\/annemodele\/#website","url":"https:\/\/extern23.gruene.ch\/annemodele\/","name":"Anne Mod\u00e8le","description":"Anne Mod\u00e8le au Conseil national","potentialAction":[{"@type":"SearchAction","target":{"@type":"EntryPoint","urlTemplate":"https:\/\/extern23.gruene.ch\/annemodele\/?s={search_term_string}"},"query-input":{"@type":"PropertyValueSpecification","valueRequired":true,"valueName":"search_term_string"}}],"inLanguage":"fr-FR"}]}},"_links":{"self":[{"href":"https:\/\/extern23.gruene.ch\/annemodele\/wp-json\/wp\/v2\/pages\/567","targetHints":{"allow":["GET"]}}],"collection":[{"href":"https:\/\/extern23.gruene.ch\/annemodele\/wp-json\/wp\/v2\/pages"}],"about":[{"href":"https:\/\/extern23.gruene.ch\/annemodele\/wp-json\/wp\/v2\/types\/page"}],"author":[{"embeddable":true,"href":"https:\/\/extern23.gruene.ch\/annemodele\/wp-json\/wp\/v2\/users\/14"}],"replies":[{"embeddable":true,"href":"https:\/\/extern23.gruene.ch\/annemodele\/wp-json\/wp\/v2\/comments?post=567"}],"version-history":[{"count":10,"href":"https:\/\/extern23.gruene.ch\/annemodele\/wp-json\/wp\/v2\/pages\/567\/revisions"}],"predecessor-version":[{"id":770,"href":"https:\/\/extern23.gruene.ch\/annemodele\/wp-json\/wp\/v2\/pages\/567\/revisions\/770"}],"wp:featuredmedia":[{"embeddable":true,"href":"https:\/\/extern23.gruene.ch\/annemodele\/wp-json\/wp\/v2\/media\/764"}],"wp:attachment":[{"href":"https:\/\/extern23.gruene.ch\/annemodele\/wp-json\/wp\/v2\/media?parent=567"}],"curies":[{"name":"wp","href":"https:\/\/api.w.org\/{rel}","templated":true}]}}

<!-- This site is optimized with the Yoast SEO plugin v26.9 - https://yoast.com/product/yoast-seo-wordpress/ -->
<title>A mon propos - Anne Modèle</title>
<meta name="description" content="Je pense à long terme et agis rapidement. La justice sociale et la protection du climat sont mes thèmes de prédilection." />
<meta name="robots" content="index, follow, max-snippet:-1, max-image-preview:large, max-video-preview:-1" />
<link rel="canonical" href="https://extern23.gruene.ch/annemodele/a-mon-propos" />
<meta property="og:locale" content="fr_FR" />
<meta property="og:type" content="article" />
<meta property="og:title" content="A mon propos - Anne Modèle" />
<meta property="og:description" content="Je pense à long terme et agis rapidement. La justice sociale et la protection du climat sont mes thèmes de prédilection." />
<meta property="og:url" content="https://extern23.gruene.ch/annemodele/a-mon-propos" />
<meta property="og:site_name" content="Anne Modèle" />
<meta property="article:modified_time" content="2023-03-10T07:34:15+00:00" />
<meta property="og:image" content="https://extern23.gruene.ch/annemodele/wp-content/uploads/sites/8/2023/02/3fdc6b56-25ea-4e57-9761-4262dfa15dc6-1200x630-c-center.jpg" />
	<meta property="og:image:width" content="1200" />
	<meta property="og:image:height" content="630" />
	<meta property="og:image:type" content="image/jpeg" />
<meta name="twitter:card" content="summary_large_image" />
<script type="application/ld+json" class="yoast-schema-graph">{"@context":"https://schema.org","@graph":[{"@type":"WebPage","@id":"https://extern23.gruene.ch/annemodele/a-mon-propos","url":"https://extern23.gruene.ch/annemodele/a-mon-propos","name":"A mon propos - Anne Modèle","isPartOf":{"@id":"https://extern23.gruene.ch/annemodele/#website"},"primaryImageOfPage":{"@id":"https://extern23.gruene.ch/annemodele/a-mon-propos#primaryimage"},"image":{"@id":"https://extern23.gruene.ch/annemodele/a-mon-propos#primaryimage"},"thumbnailUrl":"https://extern23.gruene.ch/annemodele/wp-content/uploads/sites/8/2023/02/3fdc6b56-25ea-4e57-9761-4262dfa15dc6-2560x0-c-default.jpg","datePublished":"2019-05-27T10:25:03+00:00","dateModified":"2023-03-10T07:34:15+00:00","description":"Je pense à long terme et agis rapidement. La justice sociale et la protection du climat sont mes thèmes de prédilection.","breadcrumb":{"@id":"https://extern23.gruene.ch/annemodele/a-mon-propos#breadcrumb"},"inLanguage":"fr-FR","potentialAction":[{"@type":"ReadAction","target":["https://extern23.gruene.ch/annemodele/a-mon-propos"]}]},{"@type":"ImageObject","inLanguage":"fr-FR","@id":"https://extern23.gruene.ch/annemodele/a-mon-propos#primaryimage","url":"https://extern23.gruene.ch/annemodele/wp-content/uploads/sites/8/2023/02/3fdc6b56-25ea-4e57-9761-4262dfa15dc6-2560x0-c-default.jpg","contentUrl":"https://extern23.gruene.ch/annemodele/wp-content/uploads/sites/8/2023/02/3fdc6b56-25ea-4e57-9761-4262dfa15dc6-2560x0-c-default.jpg","width":1600,"height":1067},{"@type":"BreadcrumbList","@id":"https://extern23.gruene.ch/annemodele/a-mon-propos#breadcrumb","itemListElement":[{"@type":"ListItem","position":1,"name":"Page d'accueil","item":"https://extern23.gruene.ch/annemodele/"},{"@type":"ListItem","position":2,"name":"A mon propos"}]},{"@type":"WebSite","@id":"https://extern23.gruene.ch/annemodele/#website","url":"https://extern23.gruene.ch/annemodele/","name":"Anne Modèle","description":"Anne Modèle au Conseil national","potentialAction":[{"@type":"SearchAction","target":{"@type":"EntryPoint","urlTemplate":"https://extern23.gruene.ch/annemodele/?s={search_term_string}"},"query-input":{"@type":"PropertyValueSpecification","valueRequired":true,"valueName":"search_term_string"}}],"inLanguage":"fr-FR"}]}</script>
<!-- / Yoast SEO plugin. -->

A mon propos - Anne Modèle

Je pense à long terme et agis rapidement. La justice sociale et la protection du climat sont mes thèmes de prédilection.

Anne Modèle

Anne Modèle au Conseil national
